e 5.
111
Convert -123 (base 7) to base 13.
-51
10 (base 4) to base 2
100
Convert -12 (base 8) to base 11.
-a
Convert -3 (base 13) to base 12.
-3
Convert -4 (base 12) to base 15.
-4
-10 (base 12) to base 14
-c
What is 2 (base 15) in base 13?
2
What is -4d (base 16) in base 11?
-70
What is 3 (base 10) in base 16?
3
561 (base 7) to base 9
350
Convert -13 (base 13) to base 7.
-22
2 (base 5) to base 9
2
Convert 5 (base 11) to base 10.
5
What is 5 (base 6) in base 14?
5
Convert -5 (base 8) to base 6.
-5
14 (base 10) to base 12
12
-313 (base 5) to base 16
-53
What is 12 (base 8) in base 10?
10
What is 11 (base 12) in base 16?
d
What is -b (base 12) in base 14?
-b
Convert 15 (base 16) to base 8.
25
-12 (base 7) to base 6
-13
df (base 16) to base 14
11d
Convert -1202 (base 3) to base 7.
-65
What is 7 (base 12) in base 8?
7
What is -5 (base 9) in base 2?
-101
What is -32 (base 5) in base 14?
-13
49 (base 12) to base 8
71
-503 (base 6) to base 3
-20210
250 (base 10) to base 11
208
-4 (base 8) to base 11
-4
Convert -18 (base 11) to base 7.
-25
Convert -302 (base 6) to base 13.
-86
-14 (base 14) to base 6
-30
-10 (base 3) to base 11
-3
What is -314 (base 5) in base 11?
-77
Convert -78 (base 14) to base 3.
-10221
Convert -130 (base 8) to base 9.
-107
What is -11 (base 6) in base 9?
-7
What is 1 (base 13) in base 15?
1
What is 23 (base 7) in base 11?
16
Convert 116 (base 7) to base 6.
142
Convert 2 (base 4) to base 10.
2
Convert 7 (base 13) to base 5.
12
Convert 23 (base 9) to base 11.
1a
What is 1101 (base 2) in base 6?
21
-114 (base 7) to base 3
-2020
-11 (base 4) to base 14
-5
1 (base 4) to base 10
1
3 (base 7) to base 4
3
-11010 (base 2) to base 11
-24
Convert -10 (base 3) to base 7.
-3
Convert 149 (base 11) to base 7.
336
10 (base 6) to base 3
20
Convert -9 (base 16) to base 6.
-13
What is 139 (base 11) in base 13?
c7
12 (base 7) to base 12
9
-2011 (base 3) to base 13
-46
-25 (base 8) to base 16
-15
Convert -3 (base 10) to base 6.
-3
14 (base 5) to base 11
9
Convert 1 (base 15) to base 2.
1
Convert -22 (base 3) to base 14.
-8
What is 1 (base 7) in base 2?
1
What is -30 (base 13) in base 11?
-36
Convert 0 (base 10) to base 2.
0
-3 (base 10) to base 6
-3
What is -3 (base 15) in base 8?
-3
32 (base 16) to base 6
122
10 (base 2) to base 4
2
-6e (base 15) to base 13
-80
-24 (base 16) to base 14
-28
Convert -3 (base 4) to base 9.
-3
What is 0 (base 11) in base 8?
0
What is 0 (base 13) in base 2?
0
What is 10 (base 2) in base 10?
2
What is 3 (base 4) in base 8?
3
-1 (base 10) to base 7
-1
Convert 1 (base 12) to base 2.
1
Convert 3 (base 10) to base 3.
10
Convert -39 (base 12) to base 5.
-140
Convert 4 (base 14) to base 11.
4
150 (base 10) to base 8
226
Convert 1 (base 11) to base 16.
1
What is -3 (base 9) in base 8?
-3
-2 (base 8) to base 6
-2
What is 6 (base 9) in base 2?
110
What is -17 (base 12) in base 5?
-34
What is -14 (base 5) in base 15?
-9
-1 (base 10) to base 6
-1
What is 135 (base 9) in base 16?
71
5 (base 8) to base 14
5
What is 17 (base 10) in base 14?
13
-213 (base 5) to base 15
-3d
-73 (base 15) to base 7
-213
What is -d1 (base 14) in base 10?
-183
503 (base 6) to base 16
b7
-2 (base 8) to base 13
-2
5 (base 16) to base 11
5
What is -4 (base 10) in base 7?
-4
Convert 2 (base 12) to base 7.
2
-b (base 12) to base 6
-15
1 (base 9) to base 8
1
What is 35 (base 9) in base 7?
44
Convert -1 (base 10) to base 15.
-1
Convert -12221 (base 3) to base 10.
-160
Convert -31 (base 14) to base 16.
-2b
What is 2 (base 7) in base 2?
10
What is -233 (base 6) in base 2?
-1011101
1101 (base 4) to base 2
1010001
What is -1 (base 11) in base 6?
-1
What is 3a (base 13) in base 6?
121
What is -42 (base 6) in base 16?
-1a
What is -2 (base 4) in base 11?
-2
Convert -19 (base 15) to base 3.
-220
Convert 2220 (base 3) to base 5.
303
What is 60 (base 12) in base 2?
1001000
-187 (base 15) to base 10
-352
Convert 11 (base 6) to base 9.
7
What is 100110 (base 2) in base 8?
46
What is 74 (base 8) in base 5?
220
-10100 (base 2) to base 10
-20
Convert -100000 (base 2) to base 14.
-24
-1 (base 4) to base 3
-1
-13 (base 12) to base 9
-16
What is -29 (base 12) in base 10?
-33
Convert -3 (base 13) to base 11.
-3
Convert 1 (base 12) to base 2.
1
What is 7 (base 10) in base 14?
7
Convert 1 (base 12) to base 8.
1
-74 (base 14) to base 11
-93
Convert -9 (base 14) to base 10.
-9
What is -39 (base 13) in base 2?
-110000
Convert -4 (base 6) to base 2.
-100
Convert 26 (base 7) to base 12.
18
Convert 2 (base 4) to base 14.
2
9 (base 15) to base 8
11
-116 (base 10) to base 5
-431
What is -6 (base 7) in base 8?
-6
Convert -101100 (base 2) to base 7.
-62
-a (base 11) to base 15
-a
Convert 6 (base 7) to base 9.
6
-21 (base 3) to base 16
-7
Convert -338 (base 10) to base 16.
-152
100101010 (base 2) to base 12
20a
-9 (base 12) to base 3
-100
4 (base 6) to base 15
4
0 (base 10) to base 13
0
What is -3 (base 14) in base 13?
-3
Convert 113 (base 5) to base 10.
33
c8 (base 14) to base 8
260
Convert 211 (base 9) to base 4.
2230
Convert -2 (base 15) to base 16.
-2
-1c (base 15) to base 16
-1b
-26 (base 9) to base 14
-1a
Convert 182 (base 11) to base 10.
211
What is 95 (base 13) in base 4?
1322
Convert -10 (base 3) to base 15.
-3
Convert -7a (base 15) to base 11.
-a5
What is -100 (base 2) in base 11?
-4
-46 (base 9) to base 16
-2a
What is 10 (base 7) in base 9?
7
1 (base 6) to base 11
1
-1b (base 14) to base 4
-121
-15 (base 8) to base 12
-11
1a (base 12) to base 7
31
6 (base 8) to base 13
6
Convert -133 (base 9) to base 10.
-111
5 (base 7) to base 9
5
-1100 (base 3) to base 6
-100
What is 300 (base 10) in base 13?
1a1
-2 (base 10) to base 9
-2
10 (base 6) to base 13
6
Convert 15 (base 8) to base 10.
13
Convert -1104 (base 6) to base 5.
-2011
-1 (base 14) to base 12
-1
Convert -27 (base 9) to base 12.
-21
Convert -16 (base 12) to base 4.
-102
What is 6 (base 16) in base 6?
10
Convert -2 (base 7) to base 9.
-2
What is -153 (base 8) in base 7?
-212
Convert -4 (base 5) to base 4.
-10
1 (base 10) to base 11
1
Convert 69 (base 11) to base 7.
135
-53 (base 6) to base 12
-29
10 (base 12) to base 15
c
12 (base 8) to base 9
11
Convert 221 (base 5) to base 15.
41
-11 (base 10) to base 6
-15
5 (base 15) to base 2
101
-9 (base 15) to base 13
-9
-17 (base 14) to base 11
-1a
-29 (base 11) to base 4
-133
What is -89 (base 11) in base 9?
-117
Convert 214 (base 9) to base 12.
127
-10 (base 2) to base 5
-2
What is -2 (base 8) in base 15?
-2
Convert -6 (base 12) to base 10.
-6
Convert 3 (base 16) to base 3.
10
-211 (base 5) to base 6
-132
Convert -13 (base 5) to base 11.
-8
What is 40 (base 10) in base 12?
34
111 (base 4) to base 11
1a
3 (base 4) to base 13
3
23 (base 6) to base 8
17
Convert 4 (base 11) to base 3.
11
What is -153 (base 6) in base 11?
-63
Convert 114 (base 5) to base 14.
26
Convert a (base 14) to base 2.
1010
Convert 11001 (base 2) to base 14.
1b
2 (base 12) to base 3
2
0 (base 15) to base 6
0
-86 (base 15) to base 9
-150
-c (base 16) to base 11
-11
23 (base 15) to base 9
36
What is -111 (base 2) in base 3?
-21
-8 (base 12) to base 14
-8
-12 (base 4) to base 2
-110
Convert 2 (base 11) to base 15.
2
What is 0 (base 16) in base 13?
0
36 (base 10) to base 15
26
What is -4 (base 9) in base 15?
-4
What is 4 (base 6) in base 13?
4
-2 (base 10) to base 7
-2
What is 103 (base 5) in base 7?
40
Convert 122 (base 3) to base 5.
32
Convert -2311 (base 4) to base 7.
-346
16 (base 8) to base 10
14
What is 6 (base 11) in base 7?
6
What is -19 (base 14) in base 2?
-10111
What is -3 (base 4) in base 11?
-3
Convert 2 (base 7) to base 2.
10
Convert 23 (base 15) to base 2.
100001
Convert 1 (base 13) to base 8.
1
Convert 6 (base 12) to base 16.
6
What is 18 (base 10) in base 4?
102
Convert -16 (base 11) to base 12.
-15
Convert -5 (base 15) to base 9.
-5
14 (base 6) to base 5
20
2 (base 13) to base 8
2
0 (base 8) to base 7
0
-59 (base 15) to base 5
-314
-12 (base 6) to base 12
-8
What is -21 (base 3) in base 2?
-111
Convert -2 (base 9) to base 14.
-2
What is 16 (base 7) in base 3?
111
-114 (base 6) to base 3
-1201
Convert 60 (base 7) to base 14.
30
-4 (base 14) to base 5
-4
Convert -42 (base 12) to base 11.
-46
Convert 76 (base 12) to base 15.
60
-72 (base 14) to base 9
-121
What is -1 (base 13) in base 4?
-1
-9 (base 13) to 